lse
Is 58170551 a prime number?
True
Is 18351481 prime?
True
Is 2164367 prime?
True
Is 642973631 a composite number?
True
Is 86220733 a prime number?
False
Is 31439 a prime number?
False
Is 12218893 a prime number?
False
Is 78284242 a prime number?
False
Is 941323 a prime number?
True
Is 50198041 prime?
True
Is 510907 prime?
True
Is 11299051 composite?
True
Is 17602423 a composite number?
False
Is 3710537 composite?
True
Is 11825389 composite?
False
Is 53458199 a composite number?
True
Is 122811979 a prime number?
True
Is 2192159 prime?
False
Is 10309357 prime?
False
Is 391273 composite?
False
Is 2358359 a composite number?
True
Is 2035549 composite?
False
Is 3074507 a composite number?
False
Is 1135811 prime?
False
Is 220109 a composite number?
True
Is 4127594 prime?
False
Is 6461849 composite?
True
Is 148371527 a composite number?
True
Is 21822011 a prime number?
True
Is 13187827 prime?
False
Is 325426657 a prime number?
True
Is 5237389 a composite number?
False
Is 3331833007 a prime number?
True
Is 282759913 a composite number?
False
Is 264045407 a composite number?
False
Is 7882837 composite?
False
Is 237799 prime?
False
Is 456666985 a prime number?
False
Is 22258619 composite?
False
Is 3348311 a prime number?
False
Is 188886571 a composite number?
False
Is 544223 composite?
False
Is 15909683 a prime number?
False
Is 185943 a prime number?
False
Is 38287997 composite?
True
Is 8973101 a prime number?
True
Is 15132943 a prime number?
False
Is 41800079 prime?
False
Is 22709 prime?
True
Is 3844187 a prime number?
True
Is 12552143 composite?
False
Is 386955769 composite?
False
Is 273891823 prime?
False
Is 38842 composite?
True
Is 61112507 prime?
True
Is 41579033 composite?
False
Is 279120031 a composite number?
False
Is 374912063 a prime number?
True
Is 266645321 a composite number?
True
Is 10528327 a composite number?
True
Is 9111029 a composite number?
True
Is 4989697 composite?
False
Is 23344799 prime?
True
Is 1282343 composite?
False
Is 475063 composite?
True
Is 71878093 a composite number?
True
Is 91322447 composite?
True
Is 288341 a composite number?
True
Is 176535953 prime?
False
Is 117796853 a prime number?
True
Is 23816083 a composite number?
True
Is 383776927 composite?
False
Is 2844169 a composite number?
True
Is 1196593 a prime number?
True
Is 11728523 composite?
False
Is 56333453 a prime number?
False
Is 269675921 composite?
True
Is 6582997 prime?
True
Is 8036983 composite?
False
Is 14583391 prime?
False
Is 19335557 composite?
False
Is 1015813 a composite number?
False
Is 14168303 composite?
False
Is 17039 prime?
False
Is 306485 a composite number?
True
Is 117795061 a composite number?
True
Is 1488057 a prime number?
False
Is 3217151 a composite number?
True
Is 4371821 prime?
False
Is 52928383 prime?
True
Is 11266127 prime?
True
Is 2646529 a prime number?
False
Is 1756598 a prime number?
False
Is 3878159 composite?
True
Is 469188761 a prime number?
True
Is 49022699 prime?
False
Is 53667833 a composite number?
False
Is 964753 a composite number?
False
Is 309307 a prime number?
False
Is 79903 a composite number?
False
Is 23960203 composite?
True
Is 939838 composite?
True
Is 6619871 a prime number?
True
Is 31682243 prime?
True
Is 1498547 a composite number?
True
Is 226609 composite?
False
Is 5048557 a composite number?
False
Is 28668421 a prime number?
True
Is 291594041 prime?
True
Is 1309303 composite?
True
Is 1815509 prime?
True
Is 224693873 composite?
True
Is 118667 a prime number?
False
Is 371599 prime?
False
Is 24185291 prime?
False
Is 7243585 prime?
False
Is 2861849 prime?
True
Is 475123435 a composite number?
True
Is 63145367 a prime number?
False
Is 3759851 composite?
False
Is 407687717 composite?
False
Is 1983077 a prime number?
True
Is 113279461 a prime number?
True
Is 569300513 a prime number?
True
Is 1580689 composite?
True
Is 726239 a prime number?
False
Is 8517121 a prime number?
True
Is 143707957 composite?
False
Is 944995127 prime?
False
Is 13133507 composite?
False
Is 680304047 a prime number?
True
Is 466243 composite?
False
Is 1985246 composite?
True
Is 2749441 prime?
True
Is 9481295 prime?
False
Is 77872286 a composite number?
True
Is 75590171 a prime number?
True
Is 122051879 a composite number?
False
Is 1045727 prime?
True
Is 6120497 prime?
True
Is 92271499 prime?
False
Is 9287981 a composite number?
True
Is 1861722341 a prime number?
True
Is 4413607 a composite number?
True
Is 7676671 a prime number?
True
Is 1268963 composite?
False
Is 6265309 a composite number?
False
Is 8029411 composite?
True
Is 16438265 composite?
True
Is 46835623 a prime number?
False
Is 14725561 a prime number?
False
Is 107211097 a composite number?
True
Is 2135219 a prime number?
True
Is 10783447 a prime number?
False
Is 2256931 a prime number?
True
Is 5198927 a composite number?
False
Is 965491 a composite number?
False
Is 10215143 a prime number?
False
Is 639959 a composite number?
False
Is 11408261 prime?
True
Is 4577123 a prime number?
True
Is 17086799 a prime number?
True
Is 310177037 a prime number?
False
Is 1028627 prime?
False
Is 1877651 composite?
True
Is 503900747 a composite number?
True
Is 567439 prime?
True
Is 26544487 composite?
True
Is 19283611 prime?
True
Is 12718403 prime?
True
Is 12868502 prime?
False
Is 73879463 a composite number?
True
Is 8699489 a prime number?
True
Is 39001477 prime?
True
Is 9217303 a prime number?
True
Is 296210573 a prime number?
False
Is 54349573 prime?
False
Is 5996129 prime?
True
Is 171885557 a composite number?
False
Is 1736947 prime?
False
Is 53629963 prime?
False
Is 544471 a composite number?
False
Is 69025777 prime?
True
Is 21783449 a prime number?
False
Is 12183019 prime?
True
Is 11801 a composite number?
False
Is 21373691 prime?
True
Is 68023 prime?
True
Is 4135939 composite?
True
Is 10070605 prime?
False
Is 56621 composite?
True
Is 1822411 prime?
True
Is 20789551 prime?
True
Is 393168131 a composite number?
False
Is 29491237 a prime number?
True
Is 562094083 a prime number?
False
Is 527532713 composite?
False
Is 1782107 a prime number?
False
Is 653532937 a prime number?
True
Is 21038929 composite?
True
Is 705472739 composite?
False
Is 57962563 composite?
True
Is 194641 composite?
True
Is 1682231 composite?
True
Is 3477443 composite?
False
Is 4589543 composite?
True
Is 14878394 composite?
True
Is 124827389 a prime number?
False
Is 406459 a prime number?
False
Is 2551397 composite?
False
Is 611265583 composite?
True
Is 272640007 a composite number?
False
Is 14122463 a composite number?
False
Is 348177547 prime?
False
Is 4299227 a prime number?
False
Is 36589597 prime?
False
Is 25828019 a composite number?
True
Is 3381031 a prime number?
False
Is 4210103 a composite number?
False
Is 17037271 a prime number?
True
Is 18508317 a composite number?
True
Is 237547 a prime number?
True
Is 424091567 a prime number?
True
Is 953447 composite?
True
Is 6916061 prime?
False
Is 84092549 prime?
True
Is 262079 a composite number?
False
Is 37889333 a composite number?
False
Is 7901041 a composite number?
False
Is 852749 prime?
True
Is 25349561 prime?
True
Is 194217907 prime?
False
Is 20023693 composite?
False
Is 861191 a prime number?
True
Is 80719 a composite number?
True
Is 60630991 composite?
False
Is 170052437 a composite number?
False
Is 1196887 a prime number?
False
Is 8720281 composite?
False
Is 44199017 a composite number?
True
Is 65611499 a prime number?
False
Is 1173853 prime?
True
Is 194660894 prime?
False
Is 34649437 a prime number?
True
Is 70086209 composite?
False
Is 14093197 prime?
True
Is 110415653 prime?
False
Is 3886559 a composite number?
False
Is 292040293 composite?
False
Is 54777967 a prime number?
True
Is 3907481 a composite number?
False
Is 14775443 a prime number?
False
Is 1733323 composite?
True
Is 391273 a prime number?
True
Is 58975171 prime?
True
Is 1532161 composite?
False
Is 2963913 a composite number?
True
Is 18076519 composite?
True
Is 33953807 prime?
True
Is 23667331 a prime number?
False
Is 4547066 a composite number?
True
Is 78929377 a composite number?
True
Is 135304271 a composite number?
False
Is 1764167 composite?
True
Is 6593611 a prime number?
True
Is 7747367 prime?
True
Is 282615821 prime?
True
Is 1900151 composite?
True
Is 285804031 a prime number?
True
Is 4705